r when 6316 is divided by 78?
76
What is the remainder when 23 is divided by 5?
3
Calculate the remainder when 2372 is divided by 19.
16
What is the remainder when 80 is divided by 76?
4
Calculate the remainder when 793 is divided by 20.
13
Calculate the remainder when 2555 is divided by 3.
2
Calculate the remainder when 3292 is divided by 17.
11
Calculate the remainder when 2192 is divided by 271.
24
Calculate the remainder when 770 is divided by 337.
96
What is the remainder when 23146 is divided by 9?
7
Calculate the remainder when 1853 is divided by 168.
5
What is the remainder when 61 is divided by 59?
2
What is the remainder when 612 is divided by 12?
0
What is the remainder when 2564 is divided by 28?
16
Calculate the remainder when 567 is divided by 172.
51
What is the remainder when 79 is divided by 26?
1
What is the remainder when 797 is divided by 50?
47
What is the remainder when 538 is divided by 31?
11
What is the remainder when 396 is divided by 57?
54
What is the remainder when 3882 is divided by 11?
10
What is the remainder when 554 is divided by 15?
14
Calculate the remainder when 275 is divided by 35.
30
What is the remainder when 4267 is divided by 22?
21
What is the remainder when 75 is divided by 14?
5
Calculate the remainder when 194 is divided by 28.
26
What is the remainder when 71 is divided by 24?
23
Calculate the remainder when 68 is divided by 14.
12
What is the remainder when 307 is divided by 56?
27
Calculate the remainder when 132 is divided by 7.
6
Calculate the remainder when 934 is divided by 72.
70
Calculate the remainder when 52 is divided by 4.
0
Calculate the remainder when 2123 is divided by 1045.
33
What is the remainder when 160 is divided by 49?
13
Calculate the remainder when 1623 is divided by 102.
93
What is the remainder when 158 is divided by 20?
18
What is the remainder when 55 is divided by 31?
24
Calculate the remainder when 689 is divided by 137.
4
Calculate the remainder when 711 is divided by 13.
9
What is the remainder when 275 is divided by 135?
5
Calculate the remainder when 1374 is divided by 683.
8
Calculate the remainder when 92 is divided by 21.
8
Calculate the remainder when 612 is divided by 22.
18
What is the remainder when 1569 is divided by 302?
59
What is the remainder when 1954 is divided by 98?
92
What is the remainder when 900 is divided by 61?
46
Calculate the remainder when 14950 is divided by 4981.
7
Calculate the remainder when 22 is divided by 3.
1
What is the remainder when 523 is divided by 15?
13
Calculate the remainder when 2208 is divided by 47.
46
Calculate the remainder when 381 is divided by 32.
29
Calculate the remainder when 262 is divided by 66.
64
What is the remainder when 268 is divided by 216?
52
Calculate the remainder when 693 is divided by 97.
14
Calculate the remainder when 320 is divided by 106.
2
Calculate the remainder when 478 is divided by 13.
10
What is the remainder when 177 is divided by 57?
6
Calculate the remainder when 328 is divided by 13.
3
Calculate the remainder when 442 is divided by 89.
86
Calculate the remainder when 552 is divided by 37.
34
Calculate the remainder when 1042 is divided by 116.
114
What is the remainder when 44 is divided by 5?
4
What is the remainder when 1723 is divided by 131?
20
Calculate the remainder when 1152 is divided by 21.
18
Calculate the remainder when 79 is divided by 9.
7
What is the remainder when 210 is divided by 77?
56
Calculate the remainder when 16127 is divided by 74.
69
What is the remainder when 62 is divided by 24?
14
What is the remainder when 1699 is divided by 4?
3
Calculate the remainder when 63 is divided by 18.
9
Calculate the remainder when 335 is divided by 24.
23
Calculate the remainder when 108 is divided by 46.
16
What is the remainder when 193 is divided by 65?
63
What is the remainder when 601 is divided by 68?
57
What is the remainder when 28 is divided by 25?
3
What is the remainder when 382 is divided by 5?
2
Calculate the remainder when 414 is divided by 20.
14
Calculate the remainder when 541 is divided by 78.
73
What is the remainder when 56 is divided by 6?
2
What is the remainder when 448 is divided by 35?
28
Calculate the remainder when 21356 is divided by 59.
57
What is the remainder when 89 is divided by 54?
35
What is the remainder when 345 is divided by 87?
84
What is the remainder when 9796 is divided by 40?
36
What is the remainder when 278 is divided by 40?
38
What is the remainder when 606 is divided by 225?
156
What is the remainder when 716 is divided by 711?
5
Calculate the remainder when 391 is divided by 135.
121
Calculate the remainder when 6151 is divided by 361.
14
Calculate the remainder when 1586 is divided by 43.
38
Calculate the remainder when 778 is divided by 78.
76
What is the remainder when 307 is divided by 44?
43
Calculate the remainder when 1748 is divided by 103.
100
Calculate the remainder when 70 is divided by 1.
0
What is the remainder when 99 is divided by 61?
38
What is the remainder when 56 is divided by 33?
23
What is the remainder when 1096 is divided by 20?
16
Calculate the remainder when 1049 is divided by 27.
23
What is the remainder when 319 is divided by 33?
22
What is the remainder when 194 is divided by 189?
5
What is the remainder when 630 is divided by 92?
78
Calculate the remainder when 155 is divided by 15.
5
What is the remainder when 387 is divided by 66?
57
Calculate the remainder when 1408 is divided by 6.
4
What is the remainder when 1357 is divided by 97?
96
What is the remainder when 45 is divided by 4?
1
Calculate the remainder when 414 is divided by 26.
24
Calculate the remainder when 875 is divided by 279.
38
What is the remainder when 17356 is divided by 22?
20
Calculate the remainder when 561 is divided by 96.
81
What is the remainder when 195 is divided by 60?
15
Calculate the remainder when 543 is divided by 10.
3
Calculate the remainder when 58 is divided by 9.
4
What is the remainder when 84 is divided by 73?
11
Calculate the remainder when 1920 is divided by 26.
22
Calculate the remainder when 563 is divided by 107.
28
Calculate the remainder when 1540 is divided by 60.
40
Calculate the remainder when 315 is divided by 41.
28
Calculate the remainder when 465 is divided by 58.
1
Calculate the remainder when 317 is divided by 29.
27
What is the remainder when 13770 is divided by 8?
2
What is the remainder when 263 is divided by 30?
23
Calculate the remainder when 39 is divided by 25.
14
Calculate the remainder when 245 is divided by 19.
17
Calculate the remainder when 1209 is divided by 23.
13
Calculate the remainder when 69 is divided by 35.
34
Calculate the remainder when 99 is divided by 89.
10
What is the remainder when 132 is divided by 3?
0
Calculate the remainder when 2319 is divided by 89.
5
What is the remainder when 583 is divided by 178?
49
What is the remainder when 1058 is divided by 332?
62
What is the remainder when 4887 is divided by 94?
93
Calculate the remainder when 1257 is divided by 47.
35
What is the remainder when 25 is divided by 8?
1
What is the remainder when 213 is divided by 147?
66
Calculate the remainder when 333 is divided by 13.
8
Calculate the remainder when 179 is divided by 33.
14
What is the remainder when 15 is divided by 15?
0
What is the remainder when 55 is divided by 48?
7
Calculate the remainder when 664 is divided by 323.
18
Calculate the remainder when 233 is divided by 84.
65
Calculate the remainder when 460 is divided by 65.
5
What is the remainder when 404 is divided by 58?
56
Calculate the remainder when 2230 is divided by 458.
398
What is the remainder when 118 is divided by 31?
25
What is the remainder when 998 is divided by 259?
221
What is the remainder when 1981 is divided by 284?
277
Calculate the remainder when 8907 is divided by 90.
87
What is the remainder when 12278 is divided by 20?
18
Calculate the remainder when 833 is divided by 210.
203
What is the remainder when 8207 is divided by 48?
47
Calculate the remainder when 583 is divided by 15.
13
Calculate the remainder when 48 is divided by 36.
12
What is the remainder when 351 is divided by 151?
49
Calculate the remainder when 1208 is divided by 54.
20
Calculate the remainder when 61 is divided by